 c - 67, 2*c - 58 = -2*p. Let z = p - 1. What is the remainder when z is divided by w?
5
Let d(p) = 8*p**2 - 3 + 1 - 31*p + 34*p. Let t(q) = q**2 + 3*q - 2. What is the remainder when t(4) is divided by d(1)?
8
Suppose 140 = 69*p - 62*p. Calculate the remainder when 189 is divided by p.
9
Let a = -540 + 548. What is the remainder when 1023 is divided by a?
7
Let k = -234 + 307. Calculate the remainder when k is divided by (-8)/36 + (-688)/(-18).
35
Let n = 247 + -199. Calculate the remainder when n is divided by 28.
20
Suppose 378*z - 376*z - 50 = 0. What is the remainder when 273 is divided by z?
23
Let u = -159 - -309. What is the remainder when u is divided by 54?
42
Let m(x) = 109*x**2 + 4*x + 3. Calculate the remainder when m(-1) is divided by 38.
32
Suppose -9*o + 24 = -7*o. Calculate the remainder when 10 is divided by (o/(-10))/(66/10 + -7).
1
Suppose -4*i = -5*z + 24, 3*z = 6*z - 2*i - 16. Calculate the remainder when 23 is divided by z.
7
Suppose 0 = -5*f + 3*x + 425, 4*f = 8*f - 3*x - 340. Suppose f - 124 = -3*j. What is the remainder when 60 is divided by j?
8
Let x(k) = -9*k - 315. What is the remainder when 69 is divided by x(-37)?
15
Suppose 6*a + 100 = 8*a. Let l = -20 + 117. What is the remainder when l is divided by a?
47
What is the remainder when 340/3*3 + 4 + 0 is divided by 29?
25
Let g = 721 + -706. What is the remainder when 84 is divided by g?
9
Suppose -i = -16 - 12. What is the remainder when 34 is divided by (-2)/(2 + i/(-13))?
8
Let c = 22 - 15. Suppose 4 = -i - 19. Let p = -3 - i. What is the remainder when p is divided by c?
6
Let h(b) = -206*b**3 - 2*b**2 - 1. What is the remainder when h(-1) is divided by 17?
16
Let n(a) = -3*a + 1. Calculate the remainder when (-24)/28*(-112)/(-4 + 6) is divided by n(-8).
23
Calculate the remainder when -1 + 14877/45 - (-4)/10 is divided by 67.
62
Let l(w) = 10*w + 218. Calculate the remainder when l(-19) is divided by 1/(3/((-15)/(-1))).
3
Let f(i) = -i**3 - 4*i**2 - 4*i. Let b be (12/(-6))/((-6)/(-9)). Let r be f(b). Calculate the remainder when (1/r)/(4/1572) is divided by 33.
32
Let d(n) = 5*n - 55. Suppose 40 - 150 = -5*c. Calculate the remainder when d(22) is divided by c.
11
Let r(x) = -x**2 + 51*x - 237. Calculate the remainder when 394 is divided by r(45).
31
Suppose -5*n + 0*n + 10 = -5*x, 5*x = 2*n + 8. Suppose -5*v + 40 = -5*z, 5*v + 2*z = 18 - n. What is the remainder when 30 is divided by v?
2
Let y be (51 - -3)*2/4. Calculate the remainder when 371/9 + (-6)/y is divided by (0 - (4 + -3)) + 12.
8
Suppose -2*z - 93 = -5*z. Suppose -17*x + 2118 = -1554. Calculate the remainder when x is divided by z.
30
Let c = -138 + 243. Calculate the remainder when c is divided by 36.
33
Let k = 13 - 11. Suppose -2*z = k*z. Suppose -3*j + 100 + 26 = z. Calculate the remainder when j is divided by 15.
12
Let i = 360 + -333. Calculate the remainder when i is divided by 17.
10
Suppose u + u - 256 = 0. Calculate the remainder when u is divided by 5/((30/6)/(-5)) + 31.
24
Let o(f) = 2*f - 9. Let y be o(6). Let s(p) be the first derivative of 5*p**3/3 - 2*p**2 + p + 34. What is the remainder when s(y) is divided by 12?
10
Suppose 4*h - 7 = a, 2*a - 5*h + 40 = 7*a. Let i = 12 + a. Calculate the remainder when ((-3)/(-2))/(1/22) is divided by i.
16
Let z = -93 - -96. What is the remainder when 269 is divided by (-6)/z*(-2 + -13)?
29
Let t be (16/24 - 2/12)*12. What is the remainder when (20/6)/((-3)/(-99)) is divided by (56/3 + 0)*9/t?
26
Let w(h) = 6*h + 90. What is the remainder when w(12) is divided by 67?
28
Let u(i) = -i**3 + 8*i**2 - 6*i - 4. Let z be u(6). Let o = z - 29. Calculate the remainder when 4/6*(5 - -1) is divided by o.
1
Let n(d) = d**3 - d + 5. Suppose x = 4*x. Suppose 65 = 5*i + 30. Calculate the remainder when i is divided by n(x).
2
Let d = -44 - -79. Suppose -5*q + d + 14 = -y, -47 = -3*q + 5*y. Suppose 13*f = q*f + 188. Calculate the remainder when f is divided by 12.
11
Let w(g) = -g**3 - 15*g**2 + 12*g - 21. Calculate the remainder when 379 is divided by w(-16).
35
Let c be (-6 + 0)/(9/(-6)) - -60. Let q = c - 52. What is the remainder when 31 is divided by q?
7
Let q = -2 - -4. Let b be 1 + 2 + 4 + 0. Let x = -6 + b. Calculate the remainder when q is divided by x.
0
Let h = -24 + 53. What is the remainder when h is divided by 108/81*(-9)/(-2)?
5
Suppose 34 = 2*f - 2*d, 3*d = 4*f + 7*d - 100. Calculate the remainder when f is divided by 7.
0
Let g(w) = w**2 - 20*w - 26. Let b be g(14). What is the remainder when 43 is divided by 1/(2/b*-5)?
10
Suppose 3*b - 52 = 2*b. Suppose 4*g = 3*i - 53, 0*i - 4*g = 4*i - b. Calculate the remainder when 42 is divided by i.
12
Suppose -7*q + 40 = -5*q. Suppose 360 = 5*v - 3*w, -v + 30 = w - 50. Calculate the remainder when v is divided by q.
15
Suppose -3*q + 15 = 2*v - 5*v, -5*q = 2*v - 39. Suppose -5*k - 76 = -q*k + 4*d, k - d = 43. Let o = -20 - -37. What is the remainder when k is divided by o?
14
Suppose 777 + 659 = 2*f. What is the remainder when f is divided by 16?
14
Let n(b) = -2*b**3 - 11*b**2 + 3*b - 22. Let h be n(-8). Suppose 2*v + 26 - h = 0. What is the remainder when v is divided by 25?
24
Suppose 2 = -m + 7. Suppose -679 = -12*o + m*o. What is the remainder when o is divided by 50?
47
Let d = -224 - -400. What is the remainder when d is divided by 60?
56
Suppose -1 = 3*k - 4*k. Let q be (3 - 0)/(k - 2). What is the remainder when 23 is divided by 6/q - (2 - 10)?
5
Let t be 49 - (1 - -3) - 2. Let b = -22 + t. Calculate the remainder when 29 is divided by b.
8
Suppose -7*g - 257 + 33 = 0. Suppose -4*i - 2*c - 202 = -c, -i - 4*c - 58 = 0. Let f = g - i. Calculate the remainder when 50 is divided by f.
14
Suppose 0 = -x + 278 - 13. Calculate the remainder when x is divided by 68.
61
Suppose 33 = -472*w + 475*w. Let t = 75 - 44. Calculate the remainder when t is divided by w.
9
Suppose -5*a - 17 + 57 = 0. Let x = -42 - -45. Suppose -x*k + a + 7 = 0. Calculate the remainder when 14 is divided by k.
4
Suppose -23*u + 18413 = 1600. Calculate the remainder when u is divided by 12.
11
Suppose -c + 31 = 9. Let k = 97 + -11. What is the remainder when k is divided by c?
20
Suppose 2*s = 0, 7*v = 4*v + 2*s + 33. Suppose 0 = q - 3*q + 40. Calculate the remainder when q is divided by v.
9
Let k(p) = 23*p**2 - 7*p - 10. Calculate the remainder when k(-2) is divided by 35.
26
Let v(m) = m - 13. Let a be v(8). Calculate the remainder when 34 is divided by (-16)/(-4) + -2 - a.
6
Suppose 0 = -a - 2*a + 156. Let t = -34 + a. Suppose u + u = 138. What is the remainder when u is divided by t?
15
Let i = 113 - 108. Suppose -i*z + 0*z - u + 146 = 0, 5*u = -20. Let b(m) = 2*m**2 + 5*m - 1. Calculate the remainder when z is divided by b(-4).
8
Let c = 198 + -184. Suppose -1 = -z + 10. Let s = c - z. What is the remainder when 4 is divided by s?
1
Suppose 3*q - 3*i - 375 = -0*q, 3*i = 5*q - 631. Suppose 3*z + 128 = 4*h, 4*z = 4*h - 0*z - q. Calculate the remainder when h is divided by 12.
8
Suppose -25 = l + 4*l. Let p = 4 - l. Let j(y) = y + 3. What is the remainder when p is divided by j(3)?
3
Let d = -216 - -257. Let f = 37 + 248. Calculate the remainder when f is divided by d.
39
Suppose -9*h - 141 = 12. Let z(k) = -k**2 - 21*k + 2. Calculate the remainder when z(h) is divided by 9.
7
Suppose -73*l = -76*l + 252. Calculate the remainder when 416 is divided by l.
80
Suppose -54 + 19 = -5*c. Let x = c + -7. Suppose -5*k = -x*k - 435. Calculate the remainder when k is divided by 30.
27
Suppose -3*b - 1381 = -4*g, 0 = -12*g + 15*g + 2*b - 1040. What is the remainder when g is divided by 35?
31
Suppose -22 = -3*q - 7, -5*q + 15 = -5*v. Suppose v*m = 5*u - 28, 5*m - 49 + 14 = -5*u. Suppose -6 = 5*z - 86. Calculate the remainder when z is divided by u.
4
Suppose 2570 = 12*p - 154. What is the remainder when p is divided by 38?
37
Let z(p) = -p**2 - 5*p + 2. Let x be z(-5). Let t = -56 + 60. Calculate the remainder when 18 + -7 - x/1 is divided by t.
1
Let h = -26 + 29. Suppose -3*m + 50 = 5*o, 4*o + h*m = 65 - 25. Calculate the remainder when 119 is divided by o.
9
Let b be (-9)/(-12)*(2 + 2). Suppose -b*c + 38 = -13. Let w = c - 9. Calculate the remainder when 30 is divided by w.
6
Let b(f) = 12*f + 110. What is the remainder when 40